3?
3
Let d(m) = 275*m**3 + 2*m**2 - 10*m + 8. Let z be d(1). Calculate the greatest common factor of z and 55.
55
Let w be 0/(0 - -3) + 2. Let n = 7 - 3. Let i be (n/12)/((-2)/(-6)). What is the highest common divisor of w and i?
1
Suppose 0*b + 4*b - 520 = 0. Let x be -58 - (2 - -1) - 0. Let m = x - -87. Calculate the highest common factor of b and m.
26
Let p(w) = -10*w**2 - 24*w - 24. Let s(t) = -3*t**2 - 8*t - 8. Let m(x) = 2*p(x) - 7*s(x). Let u be m(-9). What is the greatest common factor of 51 and u?
17
Let l = 38 - 24. Let t(f) = -f**2 - 15*f - 16. Let b be t(-13). Suppose 0 = 3*p - l - b. Calculate the highest common factor of 32 and p.
8
Let d(b) = b**2 + b - 200. Let h be d(23). What is the highest common divisor of h and 11?
11
Suppose -7*v + 41 + 8 = 0. Let k(s) = 0*s - s**2 + 2*s**2 - s - 5. Let n be k(4). What is the greatest common factor of n and v?
7
Let q(l) = l + 3. Let h be q(4). Suppose 229 = 4*r + 8*d - 5*d, -d + 3 = 0. Let v = -34 + r. Calculate the greatest common divisor of v and h.
7
Suppose -5*k = 4*c - 9*c + 20, c - 8 = -3*k. Let n be (2/k)/((-3)/(-6)). Calculate the greatest common divisor of n and 16.
4
Let p(k) = -2*k**3 + 6*k**2 + 5*k + 16. Let r be p(4). What is the highest common divisor of 5 and r?
1
Suppose 15*d = 9*d - 30. Let m be d/(5 + -10 - -4). Calculate the greatest common divisor of 45 and m.
5
Let i be -14 - (-72)/9 - -25. Let u(x) = 16*x**2 + x - 1. Let r be u(5). Suppose 223 = 3*w - r. What is the greatest common divisor of i and w?
19
Let r(q) = -84*q + 12. Let l(k) = -57*k + 8. Let w(a) = -7*l(a) + 5*r(a). Let t = 1 - 5. Let b be w(t). What is the highest common factor of 22 and b?
22
Let r(p) be the first derivative of -67*p**2/2 + p + 2. Let s be r(1). Let m = s + 108. Calculate the greatest common divisor of m and 28.
14
Let t = -617 + 627. Let c be -4*((-135)/6)/1. Calculate the highest common factor of t and c.
10
Suppose 0 = -62*p + 77011 + 2783. What is the highest common divisor of p and 99?
99
Suppose 0 = -5*z - 5*q + 3265, -3*z + 2*q = 629 - 2578. What is the greatest common divisor of 21 and z?
21
Let x(i) = -8*i + 12*i - 5*i + 2. Let n be x(-6). What is the highest common divisor of n and 64?
8
Suppose -14*f - 10 = -3048. What is the greatest common factor of f and 31?
31
Suppose 2*k - 7*k + 750 = 0. Suppose -13*p = -532 + 142. What is the greatest common factor of k and p?
30
Let o be ((-305)/(-4))/((-10)/(-8)). What is the highest common divisor of 4331 and o?
61
Suppose 2*g + 2*g + 12 = 0. Let r = 5 + g. Suppose r + 24 = 2*a. What is the greatest common factor of 104 and a?
13
Suppose 0 = 9*j - 562 + 139. Calculate the highest common divisor of 799 and j.
47
Let y = -25 - -31. Let x be 4*-11*(1 + y/(-4)). What is the greatest common divisor of x and 66?
22
Let j be (-14)/12 + (-273)/(-126). Let n = 19 - 12. Calculate the greatest common divisor of n and j.
1
Suppose 4 + 2 = 3*c. Suppose 0 = f - c*f + 2, -2*f = 3*b - 106. Let p = b - 24. What is the greatest common factor of p and 2?
2
Let r(n) = -72*n + 363. Let m be r(5). What is the greatest common factor of 537 and m?
3
Suppose 4*f - 1655 = 321. Calculate the greatest common factor of f and 38.
38
Let i(l) = -2*l**2 + 4. Let o be i(0). Let z be 15*2*4/40*o. Calculate the greatest common factor of 48 and z.
12
Suppose -2*j + 4388 = 2*j + 2*c, -2*c = 5*j - 5483. Let l = j - 721. Calculate the highest common divisor of 34 and l.
34
Suppose -4*x = 5*d - 2, -x + 3 - 1 = 2*d. Suppose 3*h = -6*h + 27. Suppose 12 = 4*a + 5*k, -a + d*k + h = -0. Calculate the greatest common factor of a and 18.
3
Suppose 8 = -3*k - 7, 0 = -h + k + 708. What is the greatest common factor of 19 and h?
19
Let x = -109 + 138. What is the highest common factor of 29 and x?
29
Let u(m) = -m**3 - 39*m**2 + 72*m + 14. Let r be u(-41). Calculate the greatest common divisor of r and 53.
53
Let l = 56 + 21. What is the greatest common divisor of 11 and l?
11
Let x(m) = -m**2 - 7*m + 9. Let a be x(-8). What is the greatest common divisor of a and 8?
1
Let t(p) = 7*p**3 - 11*p**2 + 19. Let q be t(4). Calculate the greatest common factor of 9 and q.
3
Let m(c) = c**3 + 9*c**2 + 12*c - 1. Let w be m(-5). Suppose -w = -6*u + 81. What is the highest common factor of u and 50?
10
Suppose 0 = -4*r + 244 + 136. Suppose 4*f - 1 = 7*f + 2*z, 3*f - z = -4. Let c be (f - -2)/(-5 + 288/57). What is the greatest common factor of r and c?
19
Let i = 811 - 806. Suppose -5*k + 40 = w, -w - 3*k + 32 = -2*k. Calculate the highest common divisor of i and w.
5
Let p(v) = 7*v**2 + 19*v. Let x be p(-6). Calculate the highest common divisor of x and 12.
6
Let w be 3/6 - -1*2/(-4). Suppose 3*v - 114 = -4*n, 3*v + 96 = 3*n - w*n. What is the greatest common factor of n and 60?
30
Suppose 0 = -2*r + 7*r. Suppose r*x = x - 2. Let v be (-51)/(-6) - (-1)/x. What is the greatest common factor of 45 and v?
9
Let x be -2 - -10 - 3*8/(-6). What is the greatest common factor of 42 and x?
6
Suppose 7 = 4*v + 39. Let m be v*21*(-11 - -4)/7. What is the highest common divisor of m and 21?
21
Let y(m) = -2*m**2 - 2*m + 2. Let v be y(6). Let s = v + 130. Suppose -2*b + 0*b - 2*o = -32, -3*b = o - 40. What is the greatest common factor of s and b?
12
Suppose f + 6074 = 5*w, 2*w - 2429 = 2*f - f. What is the highest common divisor of w and 15?
15
Let w = -119 + 174. Suppose -50 = -v + 3*v. Let x = 47 + v. What is the greatest common factor of x and w?
11
Suppose -1063 = -14*k - 265. Calculate the highest common divisor of k and 3.
3
Suppose 5*q - 61 = u, -u = 5*q - 51 - 8. Let s = -749 - -765. Calculate the highest common factor of q and s.
4
Let s be -328*-5*9/360. What is the greatest common factor of s and 82?
41
Let o(v) = -v**3 - 11*v**2 + 12*v - 9. Let u be o(-12). Let j = u + 16. Suppose -q + 2 - 1 = 0. What is the highest common factor of j and q?
1
Suppose -4*p - 15 = -7*p. Suppose -x + 0*x + 20 = -k, 3*k + 96 = p*x. Suppose 97 - 277 = -4*u. Calculate the highest common factor of u and x.
9
Let z be 160/(-60)*(1*-203 - 4). Calculate the highest common divisor of z and 138.
138
Let w(s) = -s**2 + 28*s + 222. Let o be w(-6). Let c(q) = -13*q - 3. Let z be c(-2). Suppose h + 5 = z. What is the highest common divisor of h and o?
18
Let n = -821 - -1236. Calculate the highest common divisor of n and 83.
83
Suppose 2*g = 393 - 103. Suppose 4*t - g = -49. Calculate the greatest common divisor of t and 192.
24
Let g(l) = -l**3 - 16*l**2 + 18*l + 56. Let y be g(-17). Calculate the highest common divisor of y and 312.
39
Let q = 99 - 90. What is the highest common divisor of 18 and q?
9
Let c = 20 + -13. Let z = c - 6. Suppose -4*h + 11 - 1 = -2*p, 3*p + 3*h - 30 = 0. What is the greatest common factor of z and p?
1
Suppose -4*t = 5*z - 459 - 1141, 4*z = 5*t + 1321. What is the highest common factor of z and 216?
108
Let w be 20/9 + 8/(-36). Let a(s) = -10*s + 48. Let m be a(6). Let v = m - -17. What is the highest common factor of w and v?
1
Suppose 2*h - 351 = -h. Let d = -5 - 24. Let o = -16 - d. Calculate the greatest common factor of o and h.
13
Let a(x) = 2*x**2 - 9*x. Let n(z) = z - 4. Let g be n(9). Let y be a(g). Suppose -y*d = -234 - 36. Calculate the highest common factor of 9 and d.
9
Let k be 3/((-6)/(-4)) + (-204)/(-3). Suppose -4*g + 0*g = 2*t - 46, -5*g + k = 5*t. What is the highest common divisor of 1 and g?
1
Suppose 0 = -133*q + 124*q + 396. What is the highest common factor of 33 and q?
11
Suppose -2*p - 4*w + 93 + 39 = 0, p = -4*w + 76. What is the highest common divisor of p and 224?
56
Suppose t + 6781 = 5*f, -2*f + 2710 = 9*t - 10*t. What is the highest common divisor of f and 23?
23
Let i = -77 - -99. Let j = i - -22. What is the greatest common factor of j and 44?
44
Let s = 68 - 64. Suppose 5*p - 5*i - 49 = -9, -3*i = -s*p + 31. Calculate the highest common divisor of 7 and p.
7
Let p(j) be the third derivative of 5/12*j**4 + 0*j + 0 - 4*j**2 - 2/3*j**3. Let u be p(8). Calculate the greatest common divisor of u and 19.
19
Let g = -36 + 71. Let v = 92 + -22. Calculate the greatest common divisor of v and g.
35
Let y = -11 - -20. Suppose -m + 32 = 2*f, -5*m - y - 11 = 0. Let k be ((-24)/f)/((-2)/15). What is the greatest common divisor of k and 80?
10
Suppose -3*j + 986 + 397